umber?
True
Is 69109 a composite number?
False
Is 161281 a composite number?
False
Is 85439 prime?
True
Is 243769 a prime number?
True
Is 260047 a prime number?
True
Is 470978 a prime number?
False
Is 4511 a prime number?
False
Is 26599 prime?
False
Is 3946 prime?
False
Is 93914 a prime number?
False
Is 45659 composite?
False
Is 31127 a prime number?
False
Is 1443053 prime?
True
Is 107589 a prime number?
False
Is 10347 prime?
False
Is 1226959 prime?
True
Is 40993 a composite number?
False
Is 13465 composite?
True
Is 29809 a prime number?
False
Is 3093 prime?
False
Is 32837 a composite number?
True
Is 2875861 a prime number?
True
Is 5534 prime?
False
Is 57217 composite?
True
Is 582533 a prime number?
False
Is 41215 a composite number?
True
Is 794993 a prime number?
True
Is 1708853 a composite number?
False
Is 12451 a composite number?
False
Is 44179 composite?
False
Is 10697 a composite number?
True
Is 1074965 prime?
False
Is 35027 a composite number?
False
Is 295719 a prime number?
False
Is 13309 a prime number?
True
Is 143239 composite?
False
Is 2333 composite?
False
Is 1439 a prime number?
True
Is 1500917 a composite number?
True
Is 11197 prime?
True
Is 683797 a composite number?
True
Is 2843 a prime number?
True
Is 261805 a composite number?
True
Is 32689 composite?
True
Is 13466 composite?
True
Is 53933 a prime number?
False
Is 9895 composite?
True
Is 890827 a prime number?
False
Is 169817 composite?
False
Is 31907 composite?
False
Is 294713 prime?
False
Is 1404553 prime?
False
Is 23813 a composite number?
False
Is 253703 prime?
True
Is 1813169 a prime number?
False
Is 8329 composite?
False
Is 19763 prime?
True
Is 7647 composite?
True
Is 47483 a prime number?
False
Is 40771 a prime number?
True
Is 249607 prime?
True
Is 233989 a composite number?
True
Is 73907 prime?
True
Is 119541 composite?
True
Is 14635 a prime number?
False
Is 14923 a prime number?
True
Is 511517 a composite number?
True
Is 60657 composite?
True
Is 27418 a composite number?
True
Is 1411181 composite?
False
Is 48731 a composite number?
False
Is 163543 prime?
True
Is 164617 composite?
False
Is 59333 composite?
False
Is 1847107 prime?
False
Is 345491 prime?
False
Is 39547 a prime number?
False
Is 534331 a composite number?
True
Is 202441 composite?
False
Is 15545 composite?
True
Is 1030391 prime?
False
Is 54851 composite?
False
Is 1844495 composite?
True
Is 170453 composite?
True
Is 1929 a prime number?
False
Is 2379163 a composite number?
True
Is 7993 a prime number?
True
Is 1068803 prime?
True
Is 3233 a prime number?
False
Is 5351 a prime number?
True
Is 82931 prime?
False
Is 1510711 composite?
True
Is 365089 a prime number?
True
Is 595687 a prime number?
True
Is 103901 prime?
False
Is 274359 composite?
True
Is 26821 prime?
True
Is 20089 a prime number?
True
Is 61853 prime?
False
Is 67247 a composite number?
False
Is 6749 composite?
True
Is 228829 a composite number?
False
Is 278459 prime?
True
Is 133141 a composite number?
True
Is 76733 composite?
False
Is 1396837 a prime number?
False
Is 7121 a composite number?
False
Is 40031 composite?
False
Is 22733 composite?
True
Is 52859 prime?
True
Is 18041 composite?
False
Is 740087 a composite number?
False
Is 1820347 composite?
False
Is 1186033 a prime number?
True
Is 1219799 a prime number?
False
Is 6287 prime?
True
Is 507289 a prime number?
True
Is 24929 composite?
True
Is 20077 a prime number?
False
Is 338659 composite?
False
Is 1528123 a composite number?
True
Is 475663 a prime number?
False
Is 12037 a prime number?
True
Is 164723 a composite number?
True
Is 24781 a composite number?
False
Is 1523 a prime number?
True
Is 10651 a composite number?
False
Is 791827 prime?
True
Is 12661 composite?
True
Is 7981 a composite number?
True
Is 206341 prime?
True
Is 15935 a prime number?
False
Is 10261 a prime number?
False
Is 38833 a prime number?
True
Is 201463 prime?
False
Is 6073 composite?
False
Is 15727 prime?
True
Is 192739 a composite number?
True
Is 61943 a composite number?
True
Is 1407361 prime?
True
Is 6098 a composite number?
True
Is 85889 a prime number?
True
Is 4391 prime?
True
Is 250298 a prime number?
False
Is 126541 composite?
False
Is 37463 prime?
True
Is 215993 prime?
False
Is 3103 prime?
False
Is 25105 a composite number?
True
Is 85469 a prime number?
True
Is 32731 composite?
True
Is 929939 composite?
True
Is 170977 a prime number?
False
Is 743423 composite?
False
Is 4187 prime?
False
Is 727131 prime?
False
Is 19 a prime number?
True
Is 2939 a prime number?
True
Is 18301 a composite number?
False
Is 1202191 a composite number?
False
Is 99241 a prime number?
True
Is 4187 a composite number?
True
Is 28321 composite?
True
Is 726877 prime?
False
Is 545503 a prime number?
False
Is 7283 composite?
False
Is 172621 a composite number?
True
Is 181541 a composite number?
True
Is 16367 a composite number?
True
Is 280993 composite?
True
Is 33049 a prime number?
True
Is 56053 a composite number?
False
Is 27847 composite?
False
Is 43189 a composite number?
False
Is 4849 a composite number?
True
Is 20171 prime?
False
Is 39439 composite?
False
Is 158981 a prime number?
True
Is 1949 a prime number?
True
Is 56371 a composite number?
True
Is 38833 composite?
False
Is 158287 a composite number?
True
Is 193637 prime?
False
Is 19715 a composite number?
True
Is 66841 composite?
False
Is 148261 a prime number?
False
Is 145121 a composite number?
False
Is 152911 composite?
True
Is 2719 composite?
False
Is 2779 a prime number?
False
Is 64271 a prime number?
True
Is 623897 composite?
True
Is 436261 a prime number?
False
Is 247211 prime?
False
Is 4138 a composite number?
True
Is 13523 a composite number?
False
Is 132551 composite?
True
Is 20973 composite?
True
Is 760966 a composite number?
True
Is 39551 prime?
True
Is 80819 composite?
False
Is 452329 prime?
True
Is 101557 prime?
False
Is 4117 composite?
True
Is 31277 a composite number?
False
Is 1583 composite?
False
Is 128473 prime?
True
Is 4103 composite?
True
Is 124513 composite?
False
Is 865 prime?
False
Is 324239 a prime number?
True
Is 2293 a composite number?
False
Is 8219 composite?
False
Is 33431 a composite number?
True
Is 9767 a prime number?
True
Is 69539 a composite number?
False
Is 294155 prime?
False
Is 1537051 a prime number?
True
Is 333119 a composite number?
True
Is 224291 a prime number?
True
Is 225263 composite?
False
Is 828349 composite?
False
Is 25027 prime?
False
Is 112459 a prime number?
True
Is 269507 a prime number?
False
Is 34669 prime?
False
Is 26294 prime?
False
Is 303827 prime?
True
Is 377971 prime?
False
Is 4621 prime?
True
Is 20467 a composite number?
True
Is 38746 a composite number?
True
Is 52453 composite?
False
Is 18101 prime?
False
Is 9371 a composite number?
False
Is 57259 composite?
False
Is 5671 a prime number?
False
Is 662 a composite number?
True
Is 2383 prime?
True
Is 1271791 a prime number?
True
Is 335 a composite number?
True
Is 114859 a composite number?
False
Is 10231 a composite number?
True
Is 291955 a prime number?
False
Is 1400303 composite?
False
Is 211 prime?
True
Is 70069 composite?
True
Is 11359 composite?
True
Is 1802641 composite?
False
Is 29737 a composite number?
True
Is 93759 prime?
False
Is 65971 composite?
True
Is 126563 a prime number?
False
Is 800729 a composite number?
False
Is 442679 composite?
True
Is 116351 prime?
True
Is 60859 a prime number?
True
Is 264167 a prime number?
True
Is 16099 a composite number?
True
Is 81397 composite?
True
Is 86011 a prime number?
True
Is 3163 composite?
False
Is 34981 a prime number?
True
Is 630019 a prime number?
False
Is 73345 prime?
False
Is 50119 prime?
True
Is 27689 composite?
False
Is 29894 a composite number?
True
Is 6311 a composite number?
False
Is 20477 prime?
True
Is 6007 composite?
False
Is 6803 a prime number?
True
Is 1998793 a prime number?
True
Is 191441 prime?
True
Is 1541 a prime number?
False
Is 173461 a composite number?
True
Is 16273 a composite number?
False
Is 536161 prime?
False
Is 51609 prime?
False
Is 12683 prime?
False
Is 34097 prime?
False
Is 207113 a prime number?
True
Is 223699 a composite number?
True
Is 4789 prime?
True
Is 56311 a composite number?
False
Is 35089 composite?
False
Is 216991 a composite number?
False
Is 1511371 a prime number?
True
Is 244981